r) be the third derivative of -r**5/30 + r**4/4 + r**3/3 - 2*r**2. Calculate h(t).
-18
Let m(u) = -u**3 - 7*u**2 + 9*u - 4. Let r be (3/(-5)*-2)/((-186)/1240). Give m(r).
-12
Suppose -11 = -3*a + 2*m, m - 2*m = 3*a + 1. Suppose -b + 0*b + 2*u = 8, -16 = 5*b - 4*u. Let h(k) = k**2 - k + b - 5 + 6. What is h(a)?
1
Let v(o) be the third derivative of o**5/60 - 13*o**3/6 + 3*o**2 - o. Determine v(0).
-13
Let j = 15 - 9. Let f(k) = -k**3 - 3*k - 5. Let u(q) = -q. Let x(n) = -2*n**3 - 10*n - 9. Let r(p) = -5*u(p) + x(p). Let m(o) = j*r(o) - 11*f(o). Give m(-2).
3
Let m = 131 + -53. Let k = -77 + m. Let r(j) be the second derivative of 5*j**4/12 + j. What is r(k)?
5
Let w be (-12)/(-18) + 8/(-12). Suppose -2*j - 3*j = w. Let g(o) = 1 - 5*o - 3 + j. Calculate g(-2).
8
Let w(l) = l + 3. Let o be w(3). Let t(x) be the second derivative of 0 - 4*x**2 - 1/20*x**5 + 1/2*x**4 - 1/6*x**3 + 12*x. Give t(o).
-14
Let a(t) be the second derivative of t**2/2 + 11*t. Let z(n) = 2*n + 5. Let y(v) = -5*a(v) + z(v). Determine y(-2).
-4
Let v be 120/32 + 6/(-8). Let l(c) = -c. Let i(r) = -5*r - 4. Let y(x) = -i(x) + 6*l(x). What is y(v)?
1
Suppose 0 = f - 11*f + 40. Let y(v) = -v**3 + 5*v**2 - 6*v + 4. Give y(f).
-4
Let d(m) = -m**3 - m**2 - m + 1. Let i(f) = -3 + 13 + f + f**2 - 5*f**3 - 5*f - 12*f**2. Suppose 5*h - 15 = 15. Let j(l) = h*d(l) - i(l). Calculate j(3).
8
Let l be ((-189)/(-108))/(1/(-4)). Let r(h) = h**2 + 8*h - 5. Calculate r(l).
-12
Let p(o) be the first derivative of -o**4/4 - o**3/3 + 2*o**2 + o + 343. Give p(-4).
33
Let b(s) = 2*s - 8. Let w be b(5). Let g(t) = -t**3 + t - t - 5*t**w - 6*t - 1. Calculate g(-4).
7
Let z(k) = -k**3 + 3*k. Suppose 0 = 2*c + 2*o + 2, 7*c + 13 = 6*c - 4*o. Calculate z(c).
-18
Let q(m) = m**2 + 2*m - 2. Let r(y) = y**3 + 2*y**2 - 7*y - 5. Let p be r(-3). Suppose -5*v - 8 = p. Determine q(v).
1
Let w be 3 + -1 + 8/(-2). Let l be 0 - (3 + w - 3). Let g(y) = -4*y**3 + 3*y - l*y - 4 + 3*y**3 - 2*y - 6*y**2. Calculate g(-6).
2
Let p(t) = -3*t**2 + t - 2. Suppose -3*k = -7*k. Let o(g) = 0*g**3 - 2*g**3 + g + 2 + 3*g**3. Let x be o(k). Determine p(x).
-12
Let p(x) = -42 - 21*x - 333*x**2 + 332*x**2 - 8. Give p(-18).
4
Let q(p) = -p + 5. Suppose -9*r = -7*r. Calculate q(r).
5
Let f(m) be the third derivative of -m**6/360 - m**5/120 - m**4/12 + 11*m**3/6 + 8*m**2. Let t(w) be the first derivative of f(w). Calculate t(0).
-2
Let f(g) = -2*g**2 + 2*g + 3. Let r be f(0). Let v(x) = -x - 3. Let s(j) = -5*j - 12. Let m(w) = -2*s(w) + 9*v(w). What is m(r)?
0
Let t(u) be the first derivative of u**4/4 - 11*u**3/3 + 6*u**2 - 26*u + 309. Give t(10).
-6
Suppose 0*i = -2*i + 36. Suppose 3*d - 3*n + i = 0, 2*n - 12 = -3*d - 5. Let j(f) = -12*f**2 - f - 1. What is j(d)?
-12
Let s(g) = 1. Let i = 1 + 0. Let d(p) = -4*p + 6*p + 6 - p**2 + 4 - 3*p. Let l(b) = i*d(b) - 6*s(b). Determine l(0).
4
Let h(g) = -g**2. Let z(w) = -w - 1. Let p(x) = -4*x**2 - 13*x - 12. Let t(v) = -p(v) + 4*z(v). Let r(f) = 5*h(f) + t(f). Give r(9).
8
Let c(u) = u**3 - 13*u**2 + 22*u - 8. Suppose 2*g - 72 + 50 = 0. Let z be c(g). Let q(h) = -h**3 - 7*h**2 + 9*h + 12. Calculate q(z).
4
Let t(w) be the first derivative of -8 - w**2 - 5/3*w**3 + 2*w - 1/4*w**4. Let r(l) = l**3 - 5*l**2 + 3*l. Let x be r(4). Calculate t(x).
-6
Suppose -4*t + 108 = 4*r, r - 2*t - 12 - 30 = 0. Let c = 29 - r. Let q(m) = -2*m**2 + 3*m + 2. What is q(c)?
-25
Let t = 9 - 9. Suppose t = q - 2*q + 4. Let u(y) = 0*y**2 - q*y + y**2 - 2 + 2*y. Determine u(-2).
6
Let d(r) = 2*r**2 - 6*r - 25. Let w(a) = -3*a**2 + 12*a + 46. Let l(y) = 5*d(y) + 3*w(y). What is l(-7)?
20
Suppose -3*m + 22 = 13. Let w(i) = 6*i + i**m + 4*i**2 - 6*i + 6 + 2*i. Calculate w(-4).
-2
Suppose 0 = s, -5*b - 6*s = -s - 15. Let n(a) = -a**2 + 11*a - 27. Let k(m) = -3*m + 9. Let i(c) = 3*k(c) + n(c). Determine i(b).
-3
Let y(t) be the third derivative of t**7/840 - t**5/40 + t**4/6 - 7*t**3/3 + 5*t**2. Let k(i) be the first derivative of y(i). What is k(3)?
22
Let j(b) = -2*b + 9. Let l(d) = 7 + 3 - 5*d + 4*d - 12. Let p be (-8)/3*(4 + -1). Let z be l(p). Calculate j(z).
-3
Let h = 1 - 1. Let t(l) = 4 - 2*l + l + h*l. Suppose 76*s = 66*s + 20. Calculate t(s).
2
Let x(s) = s**2 + 9*s + 5. Let y be (-5)/2*56/(-70) + 1. Suppose 2*k + 14 = -y*r, 4*k = 2*r - 0*k + 36. Give x(r).
-3
Let c = 198 + -208. Let w(k) = 2*k + 23. Determine w(c).
3
Let q = 83 - 50. Let w = q + -33. Let z(h) = -h + 15. Determine z(w).
15
Let m(f) = 8*f + 15 - 12 + 10 + 8. What is m(-3)?
-3
Let w(p) be the first derivative of p**4/4 + 2*p**3 + 3*p**2/2 - 6*p + 2. Suppose 0 = -4*y + 4*j + 54 + 2, 0 = y + 2*j - 17. Suppose 2*c + 25 = y. Give w(c).
4
Let b(r) be the second derivative of r**4/12 + r**3/6 + 7*r**2/2 - r. Let v = 9 + -7. Suppose -3*f - v*t = 6, -3 = 4*f + t - 0. Give b(f).
7
Suppose w + 8 - 9 = 0. Let s(c) = -1 + 2*c + 4 - 1 - c**2 + w. Calculate s(4).
-5
Let o be 2/3 + -6 + 132/18. Let p(f) be the first derivative of -1/4*f**4 + 1/3*f**3 - 1/2*f**2 - o - 3*f. What is p(0)?
-3
Let c(a) be the third derivative of 0*a**3 + 0*a + 5*a**2 + 0 - 1/24*a**4 - 1/360*a**6 - 1/120*a**5. Let t(x) be the second derivative of c(x). Calculate t(1).
-3
Let i(s) = 4*s**3 + 1 + 2*s - 7*s**3 + 0*s. Let f = -1 + 4. Suppose 4*g + 0*n + 5*n - 1 = 0, f = -g + 2*n. Give i(g).
2
Let d(s) = 3*s**2 + 3*s + 3. Suppose -3*j = -5*f - 1 - 41, 18 = 3*j + 3*f. Let g = -11 + j. Give d(g).
9
Let u = 27 - 32. Let z be 18/45 - 23/u. Let m(o) = -o**2 + 8*o - 7. Calculate m(z).
8
Let v(k) = 5*k**2 - 5*k - 1. Let m(o) = -o**2. Let n(t) = 4*m(t) + v(t). Calculate n(4).
-5
Let v(m) be the first derivative of 15*m**4/2 + m**3/3 + m**2/2 + m + 83. Give v(-1).
-29
Let r(t) = -2*t - 1. Suppose c = -1 - 4, 2*z - 4*c = 30. Let h be (2/z)/(2/(-5)). Calculate r(h).
1
Let n(p) be the second derivative of -2*p**3/3 + 2*p**2 - 2*p + 132. What is n(6)?
-20
Let a(n) = 8*n**2 - 3*n - 4. Let j(q) = -7*q**2 + 4*q + 5. Let r(i) = -4*a(i) - 3*j(i). What is r(1)?
-10
Let b = -4 + 6. Let g(y) = -8 + 6*y**3 + 4*y + 7*y**b - 9*y**3 + 4*y**3. Give g(-6).
4
Let q = 1609/2 + -802. Let m(g) be the second derivative of -1/12*g**4 - q*g**2 + 1/20*g**5 - 1/6*g**3 - 7*g + 0. Give m(0).
-5
Let a(f) = f**3 - 6*f**2 - 4*f - 5. Let h be (0 - -5)/15 + (-140)/(-21). Give a(h).
16
Let h(b) be the third derivative of -28*b**2 - 1/120*b**6 + 1/12*b**5 - 1/8*b**4 - 1/3*b**3 + 0*b + 0. Determine h(3).
7
Let v(b) = 2*b + 31. Let f(p) = -p - 17. Let i(m) = -11*f(m) - 6*v(m). Give i(-10).
11
Let o(x) = -30 + 23 + 2*x - x - 2*x. Let v(z) = -3*z + 4. Let l be v(3). Let b be o(l). Let h(r) = r**3 - r**2 - 4*r - 3. Determine h(b).
-7
Suppose 4*t - 129 = 63. Let a = t + -45. Let x(f) be the third derivative of -f**4/24 + f**2. Determine x(a).
-3
Let v(j) = 7*j - 2. Let x(k) = -5*k + 2. Let p(n) = 2*v(n) + 3*x(n). What is p(-5)?
7
Suppose -8*k - 58 + 18 = 0. Let q(w) = w**3 + 6*w**2 + 2*w - 5. Determine q(k).
10
Let w(j) = j**2 + 3*j - 6. Suppose -28*l = 184 + 12. Determine w(l).
22
Suppose 2*s = -0*s + 16. Let q(g) = -5*g + 5*g - 1 + s*g. Let m = -12 + 13. Calculate q(m).
7
Let c(y) = 2*y**3 + 5*y**2 + 2*y. Let w(o) = o**3 + 7*o**2 + 20*o + 47. Let r be w(-5). Determine c(r).
-15
Let r = -576 + 580. Let g(d) be the second derivative of -4*d**2 + 0 - 1/20*d**5 + 5*d - 5/12*d**r + d**3. Give g(-6).
-8
Let d = 123 + -122. Let l(m) = -31*m**3 + 1. Give l(d).
-30
Let d(n) = -4*n**2 + 18*n**2 + 1 - 3*n - n**2 + 9*n**2 + 2*n. Give d(1).
22
Let y(g) = -2*g**3 - 3*g**2 + 3*g - 3. Let v be -2*(-5)/(-45)*(-27)/3. What is y(v)?
-25
Let l(p) = -7*p**2 + 7*p + 6. Let k(s) = -s - 1. Let d(r) = 6*k(r) + l(r). Suppose 0 = 2*j - 3 - 1. Suppose 3 = j*q - 5*q. What is d(q)?
-8
Let o = 11 - 1. Let p(v) = v**3 - 10*v**2 - v + 13. Let c be p(o). Let j(n) = n**2 - 4*n + 2. Give j(c).
-1
Let w(c) = -4*c**3 + 8*c**2 + 8*c. Let g(r) = -11*r**3 + 23*r**2 + 24*r - 1. Let v(q) = -3*g(q) + 8*w(q). Determine v(6).
-9
Let r(n) = -n**3 - 21. Let g(v) = -8*v**2 - 27*v + 42. Let o(q) = 3*q**2 + 9*q - 14. Let i(t) = -4*g(t) - 11*o(t). Let p be i(7). What is r(p)?
-21
Let c(i) = i**2 - i + 1. Let r(p) = -9*p**2 + 4*p - 12. Let t(w) = 24*c(w) + 3*r(w). Let l(d) = -d**2 - d. Let j(o) = 2*l(o) - t(o). Calculate j(-8).
-4
Let i = 83 - 76. Let p(j) = 15*j - i - 12*j - 2*j. Give 